{"id":21,"date":"2026-07-04T18:48:12","date_gmt":"2026-07-04T21:48:12","guid":{"rendered":"https:\/\/fashionviolence.org\/?page_id=21"},"modified":"2026-07-10T12:43:30","modified_gmt":"2026-07-10T15:43:30","slug":"objetivos","status":"publish","type":"page","link":"https:\/\/fashionviolence.org\/en\/objetivos\/","title":{"rendered":"Our goals"},"content":{"rendered":"<div class=\"wp-block-group alignwide alignfull is-style-section-2 has-global-padding is-content-justification-left is-layout-constrained wp-container-core-group-is-layout-ea0d789d wp-block-group-is-layout-constrained\" style=\"margin-top:0;margin-bottom:0;padding-top:var(--wp--preset--spacing--40);padding-bottom:var(--wp--preset--spacing--40)\">\n<div class=\"wp-block-columns alignwide is-layout-flex wp-container-core-columns-is-layout-5e491d6a wp-block-columns-is-layout-flex\">\n<div class=\"wp-block-column is-vertically-aligned-top is-layout-flow wp-block-column-is-layout-flow\">\n<div class=\"wp-block-cover is-light wp-duotone-duotone-mmh\" style=\"min-height:318px;aspect-ratio:unset;\"><img data-recalc-dims=\"1\" loading=\"lazy\" decoding=\"async\" width=\"550\" height=\"703\" data-attachment-id=\"47\" data-permalink=\"https:\/\/fashionviolence.org\/en\/?attachment_id=47\" data-orig-file=\"https:\/\/i0.wp.com\/fashionviolence.org\/wp-content\/uploads\/2026\/07\/whatsapp-image-2026-06-28-at-10.09.06-edited.jpeg?fit=550%2C703&amp;ssl=1\" data-orig-size=\"550,703\" data-comments-opened=\"1\" data-image-meta=\"{&quot;aperture&quot;:&quot;0&quot;,&quot;credit&quot;:&quot;&quot;,&quot;camera&quot;:&quot;&quot;,&quot;caption&quot;:&quot;&quot;,&quot;created_timestamp&quot;:&quot;0&quot;,&quot;copyright&quot;:&quot;&quot;,&quot;focal_length&quot;:&quot;0&quot;,&quot;iso&quot;:&quot;0&quot;,&quot;shutter_speed&quot;:&quot;0&quot;,&quot;title&quot;:&quot;&quot;,&quot;orientation&quot;:&quot;0&quot;,&quot;alt&quot;:&quot;&quot;}\" data-image-title=\"WhatsApp Image 2026-06-28 at 10.09.06\" data-image-description=\"\" data-image-caption=\"\" data-large-file=\"https:\/\/i0.wp.com\/fashionviolence.org\/wp-content\/uploads\/2026\/07\/whatsapp-image-2026-06-28-at-10.09.06-edited.jpeg?fit=550%2C703&amp;ssl=1\" class=\"wp-block-cover__image-background wp-image-47 size-full\" alt=\"\" src=\"https:\/\/i0.wp.com\/fashionviolence.org\/wp-content\/uploads\/2026\/07\/whatsapp-image-2026-06-28-at-10.09.06-edited.jpeg?resize=550%2C703&#038;ssl=1\" data-object-fit=\"cover\"\/><span aria-hidden=\"true\" class=\"wp-block-cover__background has-background-dim\" style=\"background-color:#bfa893\"><\/span><div class=\"wp-block-cover__inner-container has-global-padding is-layout-constrained wp-block-cover-is-layout-constrained\">\n<p class=\"has-text-align-center has-contrast-color has-text-color has-link-color has-tektur-tight-font-family has-xxx-large-font-size wp-elements-1 wp-block-paragraph\">Our <\/p>\n\n\n\n<p class=\"has-text-align-center has-contrast-color has-text-color has-link-color has-tektur-tight-font-family has-xxx-large-font-size wp-elements-2 wp-block-paragraph\">goals<\/p>\n<\/div><\/div>\n<\/div>\n\n\n\n<div class=\"wp-block-column is-vertically-aligned-center is-layout-flow wp-block-column-is-layout-flow\">\n<p class=\"wp-block-paragraph\" style=\"margin-top:0;margin-bottom:0\">To contribute to recognizing violence as a structural dimension of fashion analysis, incorporating it into academic, business, political, and social debates. <\/p>\n\n\n\n<hr class=\"wp-block-separator has-alpha-channel-opacity\"\/>\n\n\n\n<p class=\"wp-block-paragraph\" style=\"margin-top:0;margin-bottom:0\">El prop\u00f3sito es promover un cambio de paradigma que permita comprender que las distintas formas de violencia asociadas a la moda \u2014laborales, econ\u00f3micas, sociales, culturales, raciales, patriarcales, ambientales, institucionales y simb\u00f3licas\u2014 no constituyen fen\u00f3menos aislados o excepcionales, sino componentes constitutivos de un modelo de producci\u00f3n, distribuci\u00f3n y consumo que ha permanecido, en gran medida, invisibilizado.<\/p>\n<\/div>\n<\/div>\n\n\n\n<div class=\"wp-block-columns alignwide is-layout-flex wp-container-core-columns-is-layout-5e491d6a wp-block-columns-is-layout-flex\">\n<div class=\"wp-block-column is-vertically-aligned-top is-layout-flow wp-block-column-is-layout-flow\">\n<p class=\"has-text-align-right wp-block-paragraph\">Based on this understanding, this project seeks to foster the consolidation of \"fashion violence\" as a new international field of research, reflection, and action. This entails promoting the development of theoretical frameworks, methodologies, indicators, case studies, documentary archives, and spaces for interdisciplinary dialogue that enable an understanding of the multiple ways in which violence permeates global fashion value chains and affects individuals, communities, territories, and ecosystems. <\/p>\n\n\n\n<p class=\"has-text-align-right wp-block-paragraph\">Likewise, it seeks to foster coordination among knowledge production, public policies, business practices, and civil society initiatives, contributing to the development of strategies aimed at preventing, raising awareness of, and transforming these forms of violence.<\/p>\n<\/div>\n\n\n\n<div class=\"wp-block-column is-layout-flow wp-block-column-is-layout-flow\">\n<div class=\"wp-block-cover wp-duotone-unset-1\" style=\"min-height:401px;aspect-ratio:unset;\"><img data-recalc-dims=\"1\" loading=\"lazy\" decoding=\"async\" width=\"550\" height=\"703\" data-attachment-id=\"47\" data-permalink=\"https:\/\/fashionviolence.org\/en\/?attachment_id=47\" data-orig-file=\"https:\/\/i0.wp.com\/fashionviolence.org\/wp-content\/uploads\/2026\/07\/whatsapp-image-2026-06-28-at-10.09.06-edited.jpeg?fit=550%2C703&amp;ssl=1\" data-orig-size=\"550,703\" data-comments-opened=\"1\" data-image-meta=\"{&quot;aperture&quot;:&quot;0&quot;,&quot;credit&quot;:&quot;&quot;,&quot;camera&quot;:&quot;&quot;,&quot;caption&quot;:&quot;&quot;,&quot;created_timestamp&quot;:&quot;0&quot;,&quot;copyright&quot;:&quot;&quot;,&quot;focal_length&quot;:&quot;0&quot;,&quot;iso&quot;:&quot;0&quot;,&quot;shutter_speed&quot;:&quot;0&quot;,&quot;title&quot;:&quot;&quot;,&quot;orientation&quot;:&quot;0&quot;,&quot;alt&quot;:&quot;&quot;}\" data-image-title=\"WhatsApp Image 2026-06-28 at 10.09.06\" data-image-description=\"\" data-image-caption=\"\" data-large-file=\"https:\/\/i0.wp.com\/fashionviolence.org\/wp-content\/uploads\/2026\/07\/whatsapp-image-2026-06-28-at-10.09.06-edited.jpeg?fit=550%2C703&amp;ssl=1\" class=\"wp-block-cover__image-background wp-image-47 size-full\" alt=\"\" src=\"https:\/\/i0.wp.com\/fashionviolence.org\/wp-content\/uploads\/2026\/07\/whatsapp-image-2026-06-28-at-10.09.06-edited.jpeg?resize=550%2C703&#038;ssl=1\" data-object-fit=\"cover\"\/><span aria-hidden=\"true\" class=\"wp-block-cover__background has-background-dim-30 has-background-dim\"><\/span><div class=\"wp-block-cover__inner-container has-global-padding is-layout-constrained wp-block-cover-is-layout-constrained\">\n<p class=\"has-text-align-center wp-block-paragraph\">Ultimately, this project aims to shift the perception of violence from a peripheral or exceptional aspect of the fashion industry to a central element of its critical analysis. Just as sustainability has profoundly transformed the study and management of fashion in recent decades, the project proposes that acknowledging the violence inherent in fashion should reshape research questions, evaluation criteria, institutional policies, and the decisions of all stakeholders\u2014thereby fostering the creation of textile and apparel systems that are fairer, more responsible, and aligned with human dignity and the preservation of life.<\/p>\n<\/div><\/div>\n<\/div>\n<\/div>\n<\/div>\n\n\n\n<footer class=\"wp-block-group alignfull is-style-section-3 has-global-padding is-content-justification-center is-layout-constrained wp-container-core-group-is-layout-157d9c75 wp-block-group-is-layout-constrained\" style=\"margin-top:0;margin-bottom:0;padding-top:var(--wp--preset--spacing--60);padding-bottom:var(--wp--preset--spacing--60)\">\n<div class=\"wp-block-columns alignwide is-layout-flex wp-container-core-columns-is-layout-9c8f291e wp-block-columns-is-layout-flex\">\n<div class=\"wp-block-column is-layout-flow wp-container-core-column-is-layout-8a368f38 wp-block-column-is-layout-flow\"><h1 class=\"wp-block-site-title\">Fashion Violence | Violencia de la moda<\/h1>\n\n\n<div style=\"height:var(--wp--preset--spacing--20)\" aria-hidden=\"true\" class=\"wp-block-spacer\"><\/div>\n\n\n\n<p class=\"is-footer-phone-email ai-bind-phone-email wp-block-paragraph\">Info@fashionviolence.org<\/p>\n<\/div>\n<\/div>\n\n\n\n<div class=\"wp-block-group alignwide has-global-padding is-content-justification-left is-layout-constrained wp-container-core-group-is-layout-1ad27c61 wp-block-group-is-layout-constrained\" style=\"padding-right:0;padding-left:0\">\n<p class=\"has-text-align-left ai-ignore has-small-font-size wp-block-paragraph\"><\/p>\n<\/div>\n<\/footer>","protected":false},"excerpt":{"rendered":"<p>Contribuir a que la violencia sea reconocida como una dimensi\u00f3n estructural del an\u00e1lisis de la moda, incorpor\u00e1ndola al debate acad\u00e9mico, empresarial, pol\u00edtico y social. El prop\u00f3sito es promover un cambio de paradigma que permita comprender que las distintas formas de violencia asociadas a la moda \u2014laborales, econ\u00f3micas, sociales, culturales, raciales, patriarcales, ambientales, institucionales y simb\u00f3licas\u2014 [&hellip;]<\/p>\n","protected":false},"author":274319339,"featured_media":0,"parent":0,"menu_order":0,"comment_status":"closed","ping_status":"closed","template":"","meta":{"advanced_seo_description":"","jetpack_seo_html_title":"","jetpack_seo_noindex":false,"jetpack_seo_schema_type":"","_wp_convertkit_post_meta":{"form":"-1","landing_page":"0","tag":"0","restrict_content":"0"},"_wpcom_ai_launchpad_about_page":false,"_wpcom_ai_launchpad_gallery_page":false,"_wpcom_ai_launchpad_contact_page":false,"_wpcom_ai_launchpad_events_page":false,"_wpcom_ai_launchpad_video_page":false,"_wpcom_ai_launchpad_portfolio_piece":false,"footnotes":""},"class_list":["post-21","page","type-page","status-publish","hentry"],"jetpack_likes_enabled":true,"jetpack_sharing_enabled":true,"jetpack_shortlink":"https:\/\/wp.me\/PhiNBu-l","jetpack-related-posts":[],"_links":{"self":[{"href":"https:\/\/fashionviolence.org\/en\/wp-json\/wp\/v2\/pages\/21","targetHints":{"allow":["GET"]}}],"collection":[{"href":"https:\/\/fashionviolence.org\/en\/wp-json\/wp\/v2\/pages"}],"about":[{"href":"https:\/\/fashionviolence.org\/en\/wp-json\/wp\/v2\/types\/page"}],"author":[{"embeddable":true,"href":"https:\/\/fashionviolence.org\/en\/wp-json\/wp\/v2\/users\/274319339"}],"replies":[{"embeddable":true,"href":"https:\/\/fashionviolence.org\/en\/wp-json\/wp\/v2\/comments?post=21"}],"version-history":[{"count":15,"href":"https:\/\/fashionviolence.org\/en\/wp-json\/wp\/v2\/pages\/21\/revisions"}],"predecessor-version":[{"id":168,"href":"https:\/\/fashionviolence.org\/en\/wp-json\/wp\/v2\/pages\/21\/revisions\/168"}],"wp:attachment":[{"href":"https:\/\/fashionviolence.org\/en\/wp-json\/wp\/v2\/media?parent=21"}],"curies":[{"name":"wp","href":"https:\/\/api.w.org\/{rel}","templated":true}]}}

<div class="wp-block-group alignwide alignfull is-style-section-2 has-global-padding is-content-justification-left is-layout-constrained wp-container-core-group-is-layout-ea0d789d wp-block-group-is-layout-constrained" style="margin-top:0;margin-bottom:0;padding-top:var(--wp--preset--spacing--40);padding-bottom:var(--wp--preset--spacing--40)">
<div class="wp-block-columns alignwide is-layout-flex wp-container-core-columns-is-layout-5e491d6a wp-block-columns-is-layout-flex">
<div class="wp-block-column is-vertically-aligned-top is-layout-flow wp-block-column-is-layout-flow">
<div class="wp-block-cover is-light wp-duotone-duotone-mmh" style="min-height:318px;aspect-ratio:unset;"><img data-recalc-dims="1" loading="lazy" decoding="async" width="550" height="703" data-attachment-id="47" data-permalink="https://fashionviolence.org/en/?attachment_id=47" data-orig-file="https://i0.wp.com/fashionviolence.org/wp-content/uploads/2026/07/whatsapp-image-2026-06-28-at-10.09.06-edited.jpeg?fit=550%2C703&amp;ssl=1" data-orig-size="550,703" data-comments-opened="1" data-image-meta="{&quot;aperture&quot;:&quot;0&quot;,&quot;credit&quot;:&quot;&quot;,&quot;camera&quot;:&quot;&quot;,&quot;caption&quot;:&quot;&quot;,&quot;created_timestamp&quot;:&quot;0&quot;,&quot;copyright&quot;:&quot;&quot;,&quot;focal_length&quot;:&quot;0&quot;,&quot;iso&quot;:&quot;0&quot;,&quot;shutter_speed&quot;:&quot;0&quot;,&quot;title&quot;:&quot;&quot;,&quot;orientation&quot;:&quot;0&quot;,&quot;alt&quot;:&quot;&quot;}" data-image-title="WhatsApp Image 2026-06-28 at 10.09.06" data-image-description="" data-image-caption="" data-large-file="https://i0.wp.com/fashionviolence.org/wp-content/uploads/2026/07/whatsapp-image-2026-06-28-at-10.09.06-edited.jpeg?fit=550%2C703&amp;ssl=1" class="wp-block-cover__image-background wp-image-47 size-full" alt="" src="https://i0.wp.com/fashionviolence.org/wp-content/uploads/2026/07/whatsapp-image-2026-06-28-at-10.09.06-edited.jpeg?resize=550%2C703&#038;ssl=1" data-object-fit="cover"/><span aria-hidden="true" class="wp-block-cover__background has-background-dim" style="background-color:#bfa893"></span><div class="wp-block-cover__inner-container has-global-padding is-layout-constrained wp-block-cover-is-layout-constrained">
<p class="has-text-align-center has-contrast-color has-text-color has-link-color has-tektur-tight-font-family has-xxx-large-font-size wp-elements-1 wp-block-paragraph">Our </p>



<p class="has-text-align-center has-contrast-color has-text-color has-link-color has-tektur-tight-font-family has-xxx-large-font-size wp-elements-2 wp-block-paragraph">goals</p>
</div></div>
</div>



<div class="wp-block-column is-vertically-aligned-center is-layout-flow wp-block-column-is-layout-flow">
<p class="wp-block-paragraph" style="margin-top:0;margin-bottom:0">To contribute to recognizing violence as a structural dimension of fashion analysis, incorporating it into academic, business, political, and social debates. </p>



<hr class="wp-block-separator has-alpha-channel-opacity"/>



<p class="wp-block-paragraph" style="margin-top:0;margin-bottom:0">El propósito es promover un cambio de paradigma que permita comprender que las distintas formas de violencia asociadas a la moda —laborales, económicas, sociales, culturales, raciales, patriarcales, ambientales, institucionales y simbólicas— no constituyen fenómenos aislados o excepcionales, sino componentes constitutivos de un modelo de producción, distribución y consumo que ha permanecido, en gran medida, invisibilizado.</p>
</div>
</div>



<div class="wp-block-columns alignwide is-layout-flex wp-container-core-columns-is-layout-5e491d6a wp-block-columns-is-layout-flex">
<div class="wp-block-column is-vertically-aligned-top is-layout-flow wp-block-column-is-layout-flow">
<p class="has-text-align-right wp-block-paragraph">Based on this understanding, this project seeks to foster the consolidation of "fashion violence" as a new international field of research, reflection, and action. This entails promoting the development of theoretical frameworks, methodologies, indicators, case studies, documentary archives, and spaces for interdisciplinary dialogue that enable an understanding of the multiple ways in which violence permeates global fashion value chains and affects individuals, communities, territories, and ecosystems. </p>



<p class="has-text-align-right wp-block-paragraph">Likewise, it seeks to foster coordination among knowledge production, public policies, business practices, and civil society initiatives, contributing to the development of strategies aimed at preventing, raising awareness of, and transforming these forms of violence.</p>
</div>



<div class="wp-block-column is-layout-flow wp-block-column-is-layout-flow">
<div class="wp-block-cover wp-duotone-unset-1" style="min-height:401px;aspect-ratio:unset;"><img data-recalc-dims="1" loading="lazy" decoding="async" width="550" height="703" data-attachment-id="47" data-permalink="https://fashionviolence.org/en/?attachment_id=47" data-orig-file="https://i0.wp.com/fashionviolence.org/wp-content/uploads/2026/07/whatsapp-image-2026-06-28-at-10.09.06-edited.jpeg?fit=550%2C703&amp;ssl=1" data-orig-size="550,703" data-comments-opened="1" data-image-meta="{&quot;aperture&quot;:&quot;0&quot;,&quot;credit&quot;:&quot;&quot;,&quot;camera&quot;:&quot;&quot;,&quot;caption&quot;:&quot;&quot;,&quot;created_timestamp&quot;:&quot;0&quot;,&quot;copyright&quot;:&quot;&quot;,&quot;focal_length&quot;:&quot;0&quot;,&quot;iso&quot;:&quot;0&quot;,&quot;shutter_speed&quot;:&quot;0&quot;,&quot;title&quot;:&quot;&quot;,&quot;orientation&quot;:&quot;0&quot;,&quot;alt&quot;:&quot;&quot;}" data-image-title="WhatsApp Image 2026-06-28 at 10.09.06" data-image-description="" data-image-caption="" data-large-file="https://i0.wp.com/fashionviolence.org/wp-content/uploads/2026/07/whatsapp-image-2026-06-28-at-10.09.06-edited.jpeg?fit=550%2C703&amp;ssl=1" class="wp-block-cover__image-background wp-image-47 size-full" alt="" src="https://i0.wp.com/fashionviolence.org/wp-content/uploads/2026/07/whatsapp-image-2026-06-28-at-10.09.06-edited.jpeg?resize=550%2C703&#038;ssl=1" data-object-fit="cover"/><span aria-hidden="true" class="wp-block-cover__background has-background-dim-30 has-background-dim"></span><div class="wp-block-cover__inner-container has-global-padding is-layout-constrained wp-block-cover-is-layout-constrained">
<p class="has-text-align-center wp-block-paragraph">Ultimately, this project aims to shift the perception of violence from a peripheral or exceptional aspect of the fashion industry to a central element of its critical analysis. Just as sustainability has profoundly transformed the study and management of fashion in recent decades, the project proposes that acknowledging the violence inherent in fashion should reshape research questions, evaluation criteria, institutional policies, and the decisions of all stakeholders—thereby fostering the creation of textile and apparel systems that are fairer, more responsible, and aligned with human dignity and the preservation of life.</p>
</div></div>
</div>
</div>
</div>



<footer class="wp-block-group alignfull is-style-section-3 has-global-padding is-content-justification-center is-layout-constrained wp-container-core-group-is-layout-157d9c75 wp-block-group-is-layout-constrained" style="margin-top:0;margin-bottom:0;padding-top:var(--wp--preset--spacing--60);padding-bottom:var(--wp--preset--spacing--60)">
<div class="wp-block-columns alignwide is-layout-flex wp-container-core-columns-is-layout-9c8f291e wp-block-columns-is-layout-flex">
<div class="wp-block-column is-layout-flow wp-container-core-column-is-layout-8a368f38 wp-block-column-is-layout-flow"><h1 class="wp-block-site-title">Fashion Violence | Violencia de la moda</h1>


<div style="height:var(--wp--preset--spacing--20)" aria-hidden="true" class="wp-block-spacer"></div>



<p class="is-footer-phone-email ai-bind-phone-email wp-block-paragraph">Info@fashionviolence.org</p>
</div>
</div>



<div class="wp-block-group alignwide has-global-padding is-content-justification-left is-layout-constrained wp-container-core-group-is-layout-1ad27c61 wp-block-group-is-layout-constrained" style="padding-right:0;padding-left:0">
<p class="has-text-align-left ai-ignore has-small-font-size wp-block-paragraph"></p>
</div>
</footer>

<p>Contribuir a que la violencia sea reconocida como una dimensión estructural del análisis de la moda, incorporándola al debate académico, empresarial, político y social. El propósito es promover un cambio de paradigma que permita comprender que las distintas formas de violencia asociadas a la moda —laborales, económicas, sociales, culturales, raciales, patriarcales, ambientales, institucionales y simbólicas— [&hellip;]</p>
